ivided by 63.
54
Calculate the remainder when 368 is divided by 17.
11
What is the remainder when 2387 is divided by 131?
29
What is the remainder when 423 is divided by 39?
33
What is the remainder when 359 is divided by 306?
53
Calculate the remainder when 683 is divided by 19.
18
Calculate the remainder when 312 is divided by 102.
6
What is the remainder when 335 is divided by 191?
144
Calculate the remainder when 210 is divided by 131.
79
What is the remainder when 144 is divided by 74?
70
Calculate the remainder when 317 is divided by 20.
17
What is the remainder when 944 is divided by 119?
111
What is the remainder when 140095 is divided by 123?
121
Calculate the remainder when 101 is divided by 30.
11
Calculate the remainder when 1787 is divided by 46.
39
Calculate the remainder when 556 is divided by 62.
60
Calculate the remainder when 1341 is divided by 122.
121
Calculate the remainder when 224 is divided by 52.
16
Calculate the remainder when 30 is divided by 21.
9
What is the remainder when 1736 is divided by 29?
25
Calculate the remainder when 428 is divided by 65.
38
Calculate the remainder when 908 is divided by 900.
8
Calculate the remainder when 879 is divided by 83.
49
What is the remainder when 153 is divided by 56?
41
What is the remainder when 377 is divided by 38?
35
Calculate the remainder when 1746 is divided by 4.
2
What is the remainder when 204 is divided by 36?
24
What is the remainder when 393 is divided by 21?
15
Calculate the remainder when 483 is divided by 143.
54
Calculate the remainder when 874 is divided by 276.
46
Calculate the remainder when 53 is divided by 11.
9
Calculate the remainder when 281 is divided by 71.
68
Calculate the remainder when 184 is divided by 53.
25
What is the remainder when 5288 is divided by 84?
80
What is the remainder when 90 is divided by 7?
6
What is the remainder when 123 is divided by 36?
15
What is the remainder when 174 is divided by 103?
71
Calculate the remainder when 122 is divided by 16.
10
Calculate the remainder when 440 is divided by 26.
24
What is the remainder when 1785 is divided by 10?
5
What is the remainder when 4170 is divided by 107?
104
What is the remainder when 5513 is divided by 45?
23
What is the remainder when 11083 is divided by 34?
33
What is the remainder when 4072 is divided by 1014?
16
What is the remainder when 747 is divided by 373?
1
What is the remainder when 256 is divided by 37?
34
Calculate the remainder when 61 is divided by 11.
6
What is the remainder when 239 is divided by 113?
13
Calculate the remainder when 2250 is divided by 2236.
14
What is the remainder when 171 is divided by 29?
26
What is the remainder when 211 is divided by 37?
26
Calculate the remainder when 409 is divided by 82.
81
What is the remainder when 278 is divided by 7?
5
What is the remainder when 342 is divided by 49?
48
What is the remainder when 210 is divided by 13?
2
What is the remainder when 544 is divided by 78?
76
Calculate the remainder when 573 is divided by 23.
21
Calculate the remainder when 238 is divided by 32.
14
What is the remainder when 1756 is divided by 432?
28
What is the remainder when 58 is divided by 4?
2
What is the remainder when 577 is divided by 189?
10
What is the remainder when 136 is divided by 42?
10
Calculate the remainder when 2486 is divided by 24.
14
What is the remainder when 639 is divided by 229?
181
What is the remainder when 1475 is divided by 123?
122
What is the remainder when 272 is divided by 55?
52
Calculate the remainder when 4600 is divided by 330.
310
What is the remainder when 487 is divided by 96?
7
Calculate the remainder when 778 is divided by 97.
2
Calculate the remainder when 32 is divided by 22.
10
Calculate the remainder when 1720 is divided by 121.
26
What is the remainder when 146 is divided by 141?
5
What is the remainder when 445 is divided by 28?
25
Calculate the remainder when 1564 is divided by 38.
6
What is the remainder when 454 is divided by 19?
17
What is the remainder when 8996 is divided by 40?
36
What is the remainder when 45 is divided by 12?
9
Calculate the remainder when 152 is divided by 152.
0
Calculate the remainder when 297 is divided by 15.
12
Calculate the remainder when 201 is divided by 35.
26
What is the remainder when 707 is divided by 17?
10
What is the remainder when 8739 is divided by 230?
229
What is the remainder when 1417 is divided by 49?
45
Calculate the remainder when 54 is divided by 14.
12
What is the remainder when 174 is divided by 163?
11
What is the remainder when 2482 is divided by 54?
52
What is the remainder when 438 is divided by 157?
124
Calculate the remainder when 2966 is divided by 66.
62
Calculate the remainder when 227 is divided by 39.
32
What is the remainder when 143 is divided by 43?
14
What is the remainder when 1086 is divided by 110?
96
What is the remainder when 197 is divided by 52?
41
What is the remainder when 6536 is divided by 58?
40
Calculate the remainder when 2786 is divided by 45.
41
What is the remainder when 107 is divided by 9?
8
What is the remainder when 447 is divided by 75?
72
What is the remainder when 8017 is divided by 401?
398
What is the remainder when 74 is divided by 56?
18
Calculate the remainder when 110 is divided by 28.
26
What is the remainder when 74 is divided by 67?
7
What is the remainder when 293 is divided by 291?
2
Calculate the remainder when 4082 is divided by 1018.
10
What is the remainder when 41 is divided by 15?
11
What is the remainder when 1451 is divided by 47?
41
What is the remainder when 230 is divided by 29?
27
Calculate the remainder when 409 is divided by 72.
49
What is the remainder when 94 is divided by 34?
26
What is the remainder when 86 is divided by 37?
12
Calculate the remainder when 69 is divided by 19.
12
Calculate the remainder when 110 is divided by 24.
14
Calculate the remainder when 144 is divided by 55.
34
What is the remainder when 239 is divided by 60?
59
Calculate the remainder when 497 is divided by 125.
122
Calculate the remainder when 3419 is divided by 16.
11
What is the remainder when 229 is divided by 128?
101
What is the remainder when 1957 is divided by 40?
37
Calculate the remainder when 1098 is divided by 22.
20
What is the remainder when 340 is divided by 59?
45
Calculate the remainder when 163 is divided by 8.
3
Calculate the remainder when 3525 is divided by 68.
57
What is the remainder when 4417 is divided by 260?
257
Calculate the remainder when 18239 is divided by 60.
59
What is the remainder when 136 is divided by 2?
0
Calculate the remainder when 124 is divided by 74.
50
What is the remainder when 7055 is divided by 42?
41
What is the remainder when 120 is divided by 32?
24
Calculate the remainder when 7121 is divided by 137.
134
What is the remainder when 1198 is divided by 217?
113
Calculate the remainder when 52 is divided by 23.
6
Calculate the remainder when 194 is divided by 14.
12
What is the remainder when 292 is divided by 14?
12
What is the remainder when 328 is divided by 66?
64
Calculate the remainder when 265 is divided by 34.
27
Calculate the remainder when 1899 is divided by 159.
150
Calculate the remainder when 450 is divided by 23.
13
What is the remainder when 146 is divided by 15?
11
Calculate the remainder when 100 is divided by 7.
2
Calculate the remainder when 19485 is divided by 56.
53
What is the remainder when 1737 is divided by 282?
45
Calculate the remainder when 263 is divided by 67.
62
What is the remainder when 194 is divided by 29?
20
Calculate the remainder when 61 is divided by 38.
23
Calculate the remainder when 1365 is divided by 273.
0
Calculate the remainder when 675 is divided by 85.
80
What is the remainder when 1138 is divided by 60?
58
Calculate the remainder when 1010 is divided by 13.
9
What is the remainder when 149 is divided by 96?
53
Calculate the remainder when 127 is divided by 50.
27
What is the remainder when 242 is divided by 6?
2
Calculate the remainder when 1934 is divided by 243.
233
Calculate the remainder when 2575 is divided by 19.
10
What is the remainder when 959 is divided by 31?
29
Calculate the remainder when 127 is divided by 35.
22
What is the remainder when 56 is divided by 5?
1
Calculate the remainder